9718428059 prime?
True
Is 2802756437 a composite number?
True
Is 12391161199 composite?
False
Is 7332787451 a composite number?
True
Is 490067429793 a prime number?
False
Is 8718989789 a prime number?
True
Is 6273369083 a prime number?
True
Is 906135221 a prime number?
False
Is 3849648569 composite?
True
Is 16076141331 a prime number?
False
Is 2067519251 prime?
False
Is 284621353 composite?
True
Is 4670090339 a prime number?
True
Is 34100244385 a prime number?
False
Is 12060078299 a prime number?
False
Is 51182527 a prime number?
False
Is 312761651 prime?
True
Is 8395985839 a composite number?
True
Is 89107352339 composite?
False
Is 4192891037 composite?
False
Is 1853070581 prime?
True
Is 8436443047 composite?
True
Is 9780659261 prime?
False
Is 1353015259 a prime number?
False
Is 1269632519 a composite number?
True
Is 335414099 a prime number?
True
Is 309979464287 a composite number?
False
Is 49978527931 prime?
False
Is 1686465343 a prime number?
False
Is 15903068147 composite?
True
Is 5249042341 a composite number?
False
Is 16175993849 a prime number?
True
Is 1251775787 a composite number?
False
Is 18325003661 a composite number?
False
Is 122831713311 composite?
True
Is 1569721553 prime?
True
Is 3912210583 composite?
True
Is 36266632034 composite?
True
Is 6492327629 prime?
False
Is 3162060793 a prime number?
True
Is 18255733399 a composite number?
True
Is 4223604293 a composite number?
False
Is 6530259119 a composite number?
False
Is 591259021 a composite number?
True
Is 8630062159 prime?
False
Is 5987215009 a composite number?
False
Is 9973587817 composite?
True
Is 1655135281 a composite number?
True
Is 947016211 a prime number?
True
Is 63400968749 composite?
False
Is 5181951547 a composite number?
True
Is 5080278631 prime?
False
Is 5211055961 prime?
True
Is 197983651 a prime number?
True
Is 176862705713 composite?
False
Is 9801497989 a composite number?
True
Is 440381011 prime?
False
Is 738361262 prime?
False
Is 53486921 composite?
False
Is 1716425239 a composite number?
False
Is 891049153 prime?
True
Is 1084696363 a prime number?
True
Is 43959753869 prime?
False
Is 6837662809 a prime number?
True
Is 3037792795 prime?
False
Is 1006580177 a composite number?
False
Is 33601702279 a composite number?
True
Is 3132724823 a composite number?
False
Is 43365991211 a prime number?
True
Is 17736519877 a prime number?
True
Is 25654758359 a prime number?
False
Is 3555257239 a composite number?
True
Is 29168526811 a composite number?
False
Is 685468661 prime?
True
Is 18927421913 a prime number?
True
Is 617234507 a prime number?
True
Is 8676373073 a prime number?
False
Is 1497359879 a composite number?
True
Is 8563852559 prime?
True
Is 84364296017 composite?
True
Is 80162136541 a prime number?
True
Is 100469478587 prime?
True
Is 72524837587 a prime number?
False
Is 49523639449 composite?
False
Is 1190534523 composite?
True
Is 1142823937 a composite number?
True
Is 5592584143 a prime number?
True
Is 430373231 a prime number?
True
Is 127763189 a composite number?
False
Is 3903389467 a prime number?
False
Is 253513627 a prime number?
True
Is 2036201941 prime?
False
Is 39899764763 a composite number?
True
Is 53851459 composite?
False
Is 58860739723 a composite number?
True
Is 4675928821 composite?
False
Is 90343235161 a composite number?
False
Is 12296253679 a composite number?
False
Is 1684548023 a prime number?
False
Is 31491061761 a prime number?
False
Is 253051529 a prime number?
True
Is 1524284389 a composite number?
False
Is 3471054877 prime?
False
Is 580056821 prime?
True
Is 12031462351 composite?
False
Is 157129345609 a prime number?
False
Is 3192261439 a prime number?
False
Is 560661721 a composite number?
True
Is 1030387229 prime?
False
Is 190691479 composite?
True
Is 11920321019 composite?
False
Is 24968797307 prime?
True
Is 45953861 composite?
True
Is 12004527361 a prime number?
True
Is 989936317 a composite number?
False
Is 11393300059 a composite number?
True
Is 811031147 prime?
True
Is 5620240819 a prime number?
False
Is 31002079301 a prime number?
False
Is 2132209466 a prime number?
False
Is 102855329 a prime number?
True
Is 367954777 a prime number?
False
Is 51539508161 prime?
True
Is 591243011 a composite number?
True
Is 50173421521 a composite number?
True
Is 4560339337 prime?
True
Is 38319917213 composite?
True
Is 29363137753 prime?
True
Is 28607206729 a composite number?
True
Is 292140961771 prime?
True
Is 74458133993 a prime number?
True
Is 17505870727 a composite number?
False
Is 756954637 a composite number?
True
Is 2452857941 prime?
True
Is 636607703 composite?
True
Is 6907708169 prime?
True
Is 3920923267 a prime number?
True
Is 6517235782 a prime number?
False
Is 4435724833 a prime number?
True
Is 1018548541 a prime number?
False
Is 630128699 composite?
True
Is 18753719357 composite?
False
Is 16591305779 composite?
True
Is 3930391063 prime?
False
Is 18974961809 prime?
False
Is 39568002739 prime?
True
Is 9961212319 a prime number?
True
Is 1952894417 a composite number?
True
Is 16494973667 a prime number?
True
Is 3463041359 a prime number?
False
Is 1681808241 prime?
False
Is 592331057 prime?
True
Is 155185279 a prime number?
True
Is 1401542477 prime?
True
Is 2686583707 a prime number?
True
Is 598197911 prime?
True
Is 294027343 composite?
True
Is 6454027963 prime?
True
Is 3880931353 prime?
False
Is 173128481 a prime number?
True
Is 7774484611 prime?
False
Is 76688242481 a prime number?
True
Is 15296005363 composite?
False
Is 13197993821 composite?
False
Is 508332037 a composite number?
True
Is 1927813267 composite?
True
Is 857987477 composite?
False
Is 2367060037 composite?
True
Is 80203301 prime?
False
Is 378307591 composite?
False
Is 36895842519 composite?
True
Is 1376757259 prime?
False
Is 863822291 prime?
True
Is 1830298069 prime?
True
Is 41227986269 a composite number?
True
Is 34004662469 prime?
True
Is 49029223 a composite number?
False
Is 90661199 prime?
True
Is 374447036467 prime?
False
Is 15906392173 a composite number?
True
Is 5621284639 prime?
True
Is 57278851 a prime number?
False
Is 1064579858 a prime number?
False
Is 3581744995 a prime number?
False
Is 2324842501 a prime number?
False
Is 5172931711 a prime number?
False
Is 3722041153 a composite number?
False
Is 5671053251 composite?
False
Is 3730492499 prime?
True
Is 9714281441 a composite number?
False
Is 525039803 a composite number?
True
Is 7278619189 prime?
True
Is 1239546487 composite?
False
Is 3142120622 a composite number?
True
Is 81656899 a composite number?
True
Is 24754807243 a composite number?
False
Is 265308560441 prime?
False
Is 4067823407 a prime number?
False
Is 576055551381 prime?
False
Is 5724404669 prime?
True
Is 17559263983 composite?
False
Is 161559154 composite?
True
Is 3135976303 a prime number?
True
Is 94312153447 composite?
False
Is 62303197819 a prime number?
True
Is 397386001277 a composite number?
True
Is 22169609911 a composite number?
False
Is 2199014593 prime?
True
Is 20580029893 composite?
False
Is 16136038747 a prime number?
True
Is 531807631 prime?
False
Is 1606300313 composite?
True
Is 209222879 prime?
True
Is 1238855861 a composite number?
True
Is 6419121067 prime?
True
Is 137814107 prime?
False
Is 836290579 composite?
True
Is 1317097063 prime?
True
Is 5664315058 a composite number?
True
Is 156684617761 composite?
True
Is 4657435963 prime?
True
Is 7218088417 a composite number?
True
Is 83888878 a composite number?
True
Is 30835451873 a composite number?
False
Is 699264823 prime?
False
Is 84694033 composite?
True
Is 4469798981 a composite number?
False
Is 374749469 composite?
True
Is 368256997 a prime number?
True
Is 1115164243 composite?
False
Is 17792737723 composite?
False
Is 30501173383 a prime number?
True
Is 314820713 composite?
False
Is 68831373493 a composite number?
True
Is 118365502847 composite?
True
Is 15579366301 a prime number?
True
Is 465650467 composite?
False
Is 161246909 a prime number?
True
Is 832763599 composite?
True
Is 62295991229 composite?
True
Is 436603019 a prime number?
True
Is 57192127 composite?
True
Is 28450940489 prime?
True
Is 59684347 composite?
True
Is 3748367033 prime?
True
Is 410793221 prime?
True
Is 477846491 composite?
False
Is 23425177319 composite?
True
Is 32745216215 a composite number?
True